 4) + (250 - 1) composite?
False
Suppose -4 = 3*c - 16. Suppose -c*s + 45 + 399 = 0. Is s a composite number?
True
Suppose s + 12 = 4*s. Suppose -5*m - 120 = -3*j, -2*m + 0*m + 134 = s*j. Is j a composite number?
True
Suppose 27 = 5*u - m, 4*u - 2*m = 3*u. Let s = u + 49. Is s a composite number?
True
Is (-1027 - 3)/(-2)*1 prime?
False
Let j = -2 + 3. Is ((-7)/4)/(j/(-20)) a composite number?
True
Suppose -4*h - 2 = -18, 0 = -4*p - 4*h + 3592. Let k = p + -505. Is k a composite number?
False
Let a = 469 - 322. Let y = a + -62. Is y a prime number?
False
Let k(l) = l**3 + l**2 - 1. Let n be k(0). Let m be 78/(-4)*4/(-6). Let d = m - n. Is d prime?
False
Suppose -18 = -4*c + 5*b, -2*c - 2 - 2 = 4*b. Suppose -2*r + 5 + 5 = -x, 50 = -4*x - 2*r. Is ((-114)/x)/(c/4) a prime number?
True
Suppose -j - 592 = -2*j + h, 3*h - 1159 = -2*j. Is j a prime number?
True
Let d(p) = -p**2 + 4*p - 3. Let l be d(2). Let u(s) = 4 - 8*s - 4*s + l. Is u(-6) a composite number?
True
Let w be (-12)/(-5)*60/9. Let q = w - 23. Let b(k) = -k - 5. Is b(q) a prime number?
True
Is (-8 - (-8)/2) + 339 a composite number?
True
Suppose 2*r = -0*r - 888. Is 7/((-21)/r) - -1 composite?
False
Suppose 0 = -3*o + 15, -3*b - o = o - 157. Is b a prime number?
False
Let u be (-3)/(-9)*(3 - -3). Is 209/3 + u/(-3) a composite number?
True
Suppose -4*s - b - 3 = -2, 2*s - 2 = 2*b. Suppose 463 - 127 = 4*z - 4*p, s = 5*z + p - 432. Let h = z - 21. Is h prime?
False
Let l be 1/4 - 15/(-4). Suppose j - 3*g - 507 = 0, -j - 1481 = -l*j + g. Let z = -305 + j. Is z a prime number?
False
Suppose 0 = -o + 4*o - 2409. Is o prime?
False
Suppose z + 2 = 0, -z - 375 + 2010 = u. Is u a composite number?
False
Suppose -i + 723 = -28. Suppose 5*d - 2346 = -i. Suppose 0 = -3*h + d - 28. Is h composite?
False
Let m(d) = 7*d**2 - 9*d + 3. Is m(6) composite?
True
Let f = -95 - -244. Is f a prime number?
True
Let x be (16/10)/(2/(-10)). Let a be (-846)/x*(-12)/3. Is a/(-5) - 2/(-5) a composite number?
True
Let s = -1673 - -2810. Is s prime?
False
Suppose 8 = -0*y + 4*y. Suppose 5*g - g = -3*l + 803, -y*l + 3*g = -524. Let f = l - 188. Is f a prime number?
False
Let s(p) be the first derivative of 7/3*p**3 - p + p**2 + 3. Is s(-2) a composite number?
False
Suppose 2027 + 705 = 4*r. Is r a composite number?
False
Let c(v) = -100*v - 3. Let f(n) = n - 1. Let j(s) = -c(s) - 2*f(s). Is j(9) a composite number?
False
Suppose 2*n - 24 = 2*o, 4*n - o - 40 = 17. Let w be 3/5 + 66/n. Suppose a + 13 = 2*q, -2*q + 0*a = -w*a - 33. Is q composite?
True
Let y be (-4)/(-18) - 16/72. Suppose 5*t - 290 - 35 = y. Is t a prime number?
False
Let h(w) be the third derivative of -w**6/10 + w**4/12 + w**3/2 - w**2. Is h(-2) a composite number?
True
Let q(u) = -2 + 2 - u + 48*u - 10. Is q(7) a prime number?
False
Suppose 3*i = 5*i - 10. Suppose -i*h + 716 = -339. Is h prime?
True
Suppose 0 = m + u - 1835 + 720, -3*u = 0. Is m a prime number?
False
Suppose -3*z + 1110 = -4*o - z, -o - 283 = 5*z. Let q = -121 - o. Is q a prime number?
True
Let n = -34 + 58. Let w be (18/n)/(1/(-16)). Is (17/3)/((-2)/w) composite?
True
Let k = 223 - 126. Is k a composite number?
False
Suppose 4*o = 5092 - 744. Is o prime?
True
Let g(w) = -w - 1. Let b be 3 + -1 + 0 + 11. Let z = b + -21. Is g(z) prime?
True
Suppose 0 = 3*o + 5*n - 3498, 4*n = -0*o + o - 1183. Is o a composite number?
False
Let m be 348/22 + 2/11. Suppose 2*h = 4*h + m. Is (-2)/h + 246/8 a prime number?
True
Let g(i) = -i**2. Let h(k) = -5*k**2 + k - 97. Let z(u) = 4*g(u) - h(u). Let a(l) = -l**3 - 3*l**2. Let o be a(-3). Is z(o) a composite number?
False
Is 743/5*(3 + 2) a prime number?
True
Let z(y) = -y**2 - 12*y - 1. Let g = -30 - -20. Is z(g) a composite number?
False
Let m be -2 + 1*6 + 0. Suppose 2*a + 3*o - 61 = 0, -m*a + 3*o + 105 = -8. Suppose 2*y = a - 9. Is y composite?
True
Let l = 5 - -332. Is l prime?
True
Suppose x = 5*x - 716. Is x prime?
True
Let r = 34 - -93. Is r a prime number?
True
Let c be (72/(-32))/((-3)/(-8)). Let z = 21 + c. Suppose 3*f = 54 - z. Is f a prime number?
True
Is (-4 - -5)*3 + 1256 a composite number?
False
Let q(a) be the third derivative of a**6/120 - 7*a**5/60 + a**4/4 + 5*a**3/6 - 3*a**2. Let m be q(6). Suppose 2*p - m*p = -255. Is p a prime number?
False
Let m(d) = d**3 + 6*d**2 - 9*d + 8. Let v be m(-7). Let p = v - 11. Is p composite?
False
Let w(q) = 44*q**3 - 3*q**2 + q + 1. Is w(1) prime?
True
Let c be 2/3 - 32/(-24). Suppose 8 = c*i - 8. Let v(g) = -g**3 + 8*g**2 + 7*g - 9. Is v(i) a prime number?
True
Let t = 76 + -29. Suppose 382 = 5*r + 3*a, -t = -2*r + 4*a + 111. Suppose 3*f = 5*d - r, 3*d = d + 3*f + 38. Is d a prime number?
True
Suppose -v + 6*v - 13 = 2*u, 4 = 2*v - 2*u. Let a(o) = o + 1. Let r(w) = -44*w + 4. Let h(j) = v*a(j) - r(j). Is h(1) composite?
True
Is 386/(-3)*105/(-14) + 2 a composite number?
False
Suppose 9*d - 6095 = 4*d. Is d prime?
False
Suppose -25*h + 21*h = -948. Is h a prime number?
False
Suppose 0 = -h - 4*h + 5. Is (h - 2) + -4 + 188 composite?
True
Suppose -2*r = -21 + 5. Suppose -2*s = -5*s + 3*f + 114, 2*s - 4*f = 84. Let u = s - r. Is u a composite number?
True
Let g(a) = 26*a - 6. Let s be g(6). Let q = 237 - s. Is q prime?
False
Let v be ((-4)/(-6))/((-3)/(-63)). Let r = -2 + v. Is -3*(3 + -2 - r) composite?
True
Let c(l) = -435*l + 1. Let w be c(1). Let b = -235 - w. Is b a composite number?
False
Let a(l) = l + 6. Let w be a(-6). Suppose 4*s - 6*s = w. Suppose 2*h - 109 + 31 = s. Is h composite?
True
Let x = 8 - 14. Let v(b) = -b**3 - 6*b**2 - 7*b + 8. Let t be v(x). Suppose 3*n + t = 5*n. Is n composite?
True
Let u = 26 + -16. Let x be 18/(-81) - (-1444)/18. Suppose 0 = 5*l + 3*t - 8*t - x, -2*t + u = 0. Is l a prime number?
False
Is (-4 - 26/(-5))/((-2)/(-115)) composite?
True
Let y(r) = r**3 - 9*r**2 + 4*r + 9. Suppose 50 = 4*b - 5*h, -2*b - 40 = -7*b - 5*h. Is y(b) composite?
False
Let u = 84 + 64. Suppose -5*j + j = -u. Is j composite?
False
Let o = 38 - 60. Let h = 71 - o. Is h prime?
False
Let u(d) = -d**3 - 5*d**2 + 4*d - 3. Let t be u(-6). Let p be 13/3 - (-6)/t. Let h(l) = l + 5. Is h(p) a composite number?
True
Let l = 36 + 271. Is l a prime number?
True
Suppose 3*s - 2*s = 0. Suppose -3*k + 3*m + 0*m + 216 = 0, 2*m - 10 = s. Is k composite?
True
Let o(a) = 3 + a**3 + 8*a + 9*a**2 - 3*a**3 - 2*a**3 + 5*a**3. Is o(-8) prime?
True
Suppose -d + 0 = 1. Let m be -1 - 0 - 3 - d. Is 89 + 0/(3/m) a prime number?
True
Let t(v) = v**3 + 25*v**2 - v + 34. Is t(-25) a prime number?
True
Let q be (-30)/(-10) + (0 - -11). Let y be -3 - q/(2/(-1)). Suppose y*c - 73 - 75 = 0. Is c prime?
True
Let p(w) = -49*w - 17. Let d be p(-9). Suppose 3*g - g - 212 = 3*y, 4*g - 2*y = d. Is g composite?
True
Suppose -3*l + 7*l = -5*b + 14, -8 = -5*b + 2*l. Let f be (1 + -1)*1/b. Is -1 + 2 + f + 18 a prime number?
True
Let c(t) = -100*t + 11. Is c(-9) a composite number?
False
Let m = 211 - 93. Is m prime?
False
Let s(l) = -2*l**2 - 2*l**2 - 2*l + 0*l**3 - 2*l**3. Let c be s(-3). Let n = c + -10. Is n a prime number?
False
Suppose 4*g - z + 2*z + 158 = 0, -2*z + 191 = -5*g. Let a = -13 - g. Is a a composite number?
True
Suppose 5*x + 39 = -2*m, -3*m - 27 = -x - 2*x. Let f = m + 26. Is f prime?
False
Let b(s) = -s + 221. Is b(0) composite?
True
Let f(l) = -l. Let a be f(-4). Suppose -5*p = -2*n - 165, -3*p + a = n - 84. Is p a composite number?
False
Suppose -o = 3*o - 652. Is o composite?
False
Suppose 26 = 5*u + 1. Suppose h - u*h = 4*s - 748, 5*h - 2*s - 963 = 0. Is h composite?
False
Let q = 7 - 1. Suppose -30 = g - q*g. Is g a composite number?
True
Suppose 0*o + 3 = -3*o, -2*o = -3*j + 56. Let x be 12/j*(-39)/(-1). Suppose -96 + x = -2*y. Is y prime?
False
Let b(p) = 3*p + 30. Let u be b(-6). Let i = 37 - 21. Suppose 4*t - u = i. Is t a prime number?
True
Let m(i) = -9*i**2 - 9*i + 1. Let y(u) = 5*u**2 + 5*u. Let w(j) = -4*m(j) - 7*y(j). Is w(-3) prime?
True
Suppose 0*k - 756 = 4*k. Let c = 316 + k. Is c composite?
False
Suppose 6 = k + n, -2*n + 23 = 5*k - 7. Suppose -k*y = -2*y - 628. Is y prime?
True
Suppose 4*h - 295 = h + x, -h = 4*x - 81. Let v(q) = q**3 - 4*q**2 - q - 6. Let o be v(3). Let s = o + h. Is s a prime number?
True
Let j = 6 + -3. Suppose 0 = -j*g + g - 5526. Is 1/((-3)/(g/3)) a composite numbe